{"id":19,"date":"2014-06-29T09:30:52","date_gmt":"2014-06-29T07:30:52","guid":{"rendered":"http:\/\/www.haus-donauschwaben.de\/wordpress\/?page_id=19"},"modified":"2025-06-30T10:02:45","modified_gmt":"2025-06-30T08:02:45","slug":"weltdachverband","status":"publish","type":"page","link":"https:\/\/www.haus-donauschwaben.de\/wordpress\/organisationen\/weltdachverband\/","title":{"rendered":"Weltdachverband der Donauschwaben"},"content":{"rendered":"<p>Der <strong>Weltdachverband der Donauschwaben<\/strong> ist ein Zusammenschluss der weltweit verstreut lebenden Donauschwaben. Die Mitglieder des Verbandes sind die einzelnen donauschw\u00e4bischen L\u00e4nderorganisationen, Institutionen und Vereine. Der Weltdachverband ist ein eingetragener Verein mit Sitz im Haus der Donauschwaben in Sindelfingen.<\/p>\n<p>Der Verband vertritt die Interessen der gegen Ende und nach dem Zweiten Weltkrieg vertriebenen oder gefl\u00fcchteten Donauschwaben aus Ungarn, Rum\u00e4nien und den Staaten des fr\u00fcheren Jugoslawien. Er soll vor allem die T\u00e4tigkeit der weltweiten Mitglieder des Verbandes aufeinander abstimmen und das gemeinsame donauschw\u00e4bische Kulturgut erhalten. Die Erhaltung und Pflege des geistig-kulturellen Erbes der Donauschwaben sowie die Erhaltung der Muttersprache sind zentrale Aufgaben. Die Ziele sollen bei pers\u00f6nlichen Begegnungen der Delegierten auf internationale Ebene sowie durch die laufende T\u00e4tigkeit des Pr\u00e4sidiums des Verbandes behandelt und gef\u00f6rdert werden.<strong><br \/>\n<\/strong><\/p>\n<p><strong>Kontaktdaten:<\/strong><br \/>\nWeltdachverband der Donauschwaben e. V.<br \/>\nim Haus der Donauschwaben<br \/>\nGoldm\u00fchlestra\u00dfe 30<br \/>\n71065 Sindelfingen<\/p>\n<p>Pr\u00e4sident: J\u00fcrgen Harich<\/p>\n<p>Telefon:\u00a0 \u00a0 07031-79376-30<br \/>\nTelefax:\u00a0 \u00a0 07031-79376-40<\/p>\n<div id=\"c105\" class=\"frame frame-default frame-type-textmedia frame-layout-0\">\n<div class=\"ce-textpic ce-center ce-above\">\n<div class=\"ce-bodytext\">\n<p>E-Mail:\u00a0 \u00a0\u00a0 <a class=\"mail\" title=\"\u00d6ffnet ein Fenster zum Versenden von E-Mail\" href=\"&#109;&#x61;&#x69;l&#116;&#x6f;:&#105;&#x6e;&#x66;&#111;&#x40;&#x68;a&#117;&#x73;-&#100;&#x6f;&#x6e;&#97;&#x75;&#x73;c&#104;&#x77;a&#98;&#x65;&#x6e;&#46;&#x64;&#x65;\" target=\"_blank\" rel=\"noopener\"><span style=\"color: #0000ff;\">&#105;&#x6e;f&#x6f;&#x40;&#104;&#x61;u&#115;&#x2d;&#100;&#x6f;n&#97;&#x75;s&#x63;h&#119;&#x61;b&#x65;&#x6e;&#46;&#x64;e<\/span><\/a><\/p>\n<\/div>\n<\/div>\n<\/div>\n","protected":false},"excerpt":{"rendered":"<p>Der Weltdachverband der Donauschwaben ist ein Zusammenschluss der weltweit verstreut lebenden Donauschwaben. Die Mitglieder des Verbandes sind die einzelnen donauschw\u00e4bischen L\u00e4nderorganisationen, Institutionen und Vereine. Der Weltdachverband ist ein eingetragener Verein mit Sitz im Haus der Donauschwaben in Sindelfingen. Der Verband<\/p>\n","protected":false},"author":3,"featured_media":0,"parent":448,"menu_order":64,"comment_status":"closed","ping_status":"closed","template":"","meta":{"footnotes":""},"_links":{"self":[{"href":"https:\/\/www.haus-donauschwaben.de\/wordpress\/wp-json\/wp\/v2\/pages\/19"}],"collection":[{"href":"https:\/\/www.haus-donauschwaben.de\/wordpress\/wp-json\/wp\/v2\/pages"}],"about":[{"href":"https:\/\/www.haus-donauschwaben.de\/wordpress\/wp-json\/wp\/v2\/types\/page"}],"author":[{"embeddable":true,"href":"https:\/\/www.haus-donauschwaben.de\/wordpress\/wp-json\/wp\/v2\/users\/3"}],"replies":[{"embeddable":true,"href":"https:\/\/www.haus-donauschwaben.de\/wordpress\/wp-json\/wp\/v2\/comments?post=19"}],"version-history":[{"count":2,"href":"https:\/\/www.haus-donauschwaben.de\/wordpress\/wp-json\/wp\/v2\/pages\/19\/revisions"}],"predecessor-version":[{"id":3509,"href":"https:\/\/www.haus-donauschwaben.de\/wordpress\/wp-json\/wp\/v2\/pages\/19\/revisions\/3509"}],"up":[{"embeddable":true,"href":"https:\/\/www.haus-donauschwaben.de\/wordpress\/wp-json\/wp\/v2\/pages\/448"}],"wp:attachment":[{"href":"https:\/\/www.haus-donauschwaben.de\/wordpress\/wp-json\/wp\/v2\/media?parent=19"}],"curies":[{"name":"wp","href":"https:\/\/api.w.org\/{rel}","templated":true}]}}