{"id":792,"date":"2014-06-30T12:36:01","date_gmt":"2014-06-30T10:36:01","guid":{"rendered":"http:\/\/www.haus-donauschwaben.de\/wordpress\/?page_id=792"},"modified":"2023-06-17T15:31:54","modified_gmt":"2023-06-17T13:31:54","slug":"anschrift-und-anfahrt","status":"publish","type":"page","link":"https:\/\/www.haus-donauschwaben.de\/wordpress\/anschrift-und-anfahrt\/","title":{"rendered":"Anschrift und Anfahrt"},"content":{"rendered":"<p><strong>So erreichen Sie uns:<\/strong><\/p>\n<p>Haus der Donauschwaben<br \/>\nGoldm\u00fchlestra\u00dfe 30<br \/>\n71065 Sindelfingen<\/p>\n<p>Telefon:\u00a0\u00a0 07031-79376-30<br \/>\nTelefax:\u00a0\u00a0 07031-79376-40<\/p>\n<p>E-Mail: \u00a0\u00a0 <a href=\"&#x6d;&#x61;&#x69;&#x6c;&#x74;&#x6f;&#x3a;&#x69;&#x6e;&#x66;&#x6f;&#x40;&#x68;&#x61;&#x75;&#x73;&#x2d;&#x64;&#x6f;&#x6e;&#x61;&#x75;&#x73;&#x63;&#x68;&#x77;&#x61;&#x62;&#x65;&#x6e;&#x2e;&#x64;&#x65;\">&#x69;&#x6e;&#x66;&#x6f;&#x40;&#x68;&#x61;&#x75;&#x73;&#x2d;&#x64;&#x6f;&#x6e;&#x61;&#x75;&#x73;&#x63;&#x68;&#x77;&#x61;&#x62;&#x65;&#x6e;&#x2e;&#x64;&#x65;<\/a><\/p>\n<p><strong>Anfahrt mit dem PKW:<\/strong><\/p>\n<ul>\n<li>A81 &#8211; Ausfahrt Sindelfingen Ost<\/li>\n<li>Neckarstra\u00dfe bis Kreuzung Lange Anwanden<\/li>\n<li>vor dem Gottlieb-Daimler-Gewerbeschulzentrum links abbiegen<\/li>\n<li>am Ende der Stra\u00dfe gelangen Sie direkt zum Haus der Donauschwaben<\/li>\n<li>Parkm\u00f6glichkeiten direkt am Haus sind vorhanden<\/li>\n<\/ul>\n<p><strong>Anfahrt mit \u00f6ffentlichen Verkehrsmitteln:<\/strong><\/p>\n<ul>\n<li>ab Hauptbahnhof Stuttgart:\n<ul>\n<li>S-Bahn Nr. 1 (Richtung Herrenberg), verkehrt halbst\u00fcndig<\/li>\n<li>Haltestelle: Goldberg<\/li>\n<\/ul>\n<\/li>\n<li>ab Haltestelle Goldberg (ca. 15 Minuten zu Fu\u00df):\n<ul>\n<li>zun\u00e4chst \u00fcber die Autobahnbr\u00fccke, am Hotel City by Tulip Inn vorbei<\/li>\n<li>nach der Eschenbr\u00fcnnlestra\u00dfe in die Leipziger Stra\u00dfe<\/li>\n<li>am Hotel Berlin nach links und nach 50 Metern den Liegnitzer Weg rechts abw\u00e4rts folgen<\/li>\n<li>dieser Weg endet direkt am Haus der Donauschwaben<\/li>\n<\/ul>\n<\/li>\n<\/ul>\n","protected":false},"excerpt":{"rendered":"<p>So erreichen Sie uns: Haus der Donauschwaben Goldm\u00fchlestra\u00dfe 30 71065 Sindelfingen Telefon:\u00a0\u00a0 07031-79376-30 Telefax:\u00a0\u00a0 07031-79376-40 E-Mail: \u00a0\u00a0 info&#64;hau&#115;&#45;&#100;&#111;&#110;&#97;&#117;&#115;&#99;&#104;&#x77;&#x61;&#x62;&#x65;&#x6e;&#x2e;&#x64;&#x65; Anfahrt mit dem PKW: A81 &#8211; Ausfahrt Sindelfingen Ost Neckarstra\u00dfe bis Kreuzung Lange Anwanden vor dem Gottlieb-Daimler-Gewerbeschulzentrum links abbiegen am Ende der<\/p>\n","protected":false},"author":1,"featured_media":0,"parent":0,"menu_order":14,"comment_status":"closed","ping_status":"closed","template":"","meta":{"footnotes":""},"_links":{"self":[{"href":"https:\/\/www.haus-donauschwaben.de\/wordpress\/wp-json\/wp\/v2\/pages\/792"}],"collection":[{"href":"https:\/\/www.haus-donauschwaben.de\/wordpress\/wp-json\/wp\/v2\/pages"}],"about":[{"href":"https:\/\/www.haus-donauschwaben.de\/wordpress\/wp-json\/wp\/v2\/types\/page"}],"author":[{"embeddable":true,"href":"https:\/\/www.haus-donauschwaben.de\/wordpress\/wp-json\/wp\/v2\/users\/1"}],"replies":[{"embeddable":true,"href":"https:\/\/www.haus-donauschwaben.de\/wordpress\/wp-json\/wp\/v2\/comments?post=792"}],"version-history":[{"count":0,"href":"https:\/\/www.haus-donauschwaben.de\/wordpress\/wp-json\/wp\/v2\/pages\/792\/revisions"}],"wp:attachment":[{"href":"https:\/\/www.haus-donauschwaben.de\/wordpress\/wp-json\/wp\/v2\/media?parent=792"}],"curies":[{"name":"wp","href":"https:\/\/api.w.org\/{rel}","templated":true}]}}